by 143?
139
Calculate the remainder when 649 is divided by 81.
1
Calculate the remainder when 135 is divided by 79.
56
What is the remainder when 262 is divided by 24?
22
Calculate the remainder when 7205 is divided by 212.
209
What is the remainder when 28 is divided by 5?
3
What is the remainder when 1472 is divided by 366?
8
Calculate the remainder when 1606 is divided by 62.
56
Calculate the remainder when 920 is divided by 104.
88
What is the remainder when 9133 is divided by 29?
27
What is the remainder when 328 is divided by 113?
102
Calculate the remainder when 119 is divided by 28.
7
Calculate the remainder when 3302 is divided by 4.
2
What is the remainder when 50 is divided by 36?
14
What is the remainder when 1034 is divided by 17?
14
Calculate the remainder when 351 is divided by 51.
45
Calculate the remainder when 94 is divided by 48.
46
What is the remainder when 807 is divided by 384?
39
Calculate the remainder when 209 is divided by 42.
41
What is the remainder when 2026 is divided by 107?
100
What is the remainder when 276 is divided by 39?
3
Calculate the remainder when 15547 is divided by 13.
12
What is the remainder when 158 is divided by 131?
27
Calculate the remainder when 1013 is divided by 1007.
6
Calculate the remainder when 629 is divided by 21.
20
What is the remainder when 1618 is divided by 81?
79
What is the remainder when 1821 is divided by 88?
61
What is the remainder when 58 is divided by 36?
22
Calculate the remainder when 90 is divided by 27.
9
What is the remainder when 4113 is divided by 53?
32
Calculate the remainder when 7576 is divided by 133.
128
What is the remainder when 273 is divided by 118?
37
Calculate the remainder when 241 is divided by 144.
97
What is the remainder when 21 is divided by 19?
2
Calculate the remainder when 137 is divided by 21.
11
What is the remainder when 181 is divided by 49?
34
What is the remainder when 32537 is divided by 374?
373
Calculate the remainder when 286 is divided by 187.
99
Calculate the remainder when 349 is divided by 13.
11
What is the remainder when 397 is divided by 50?
47
Calculate the remainder when 87 is divided by 15.
12
Calculate the remainder when 4573 is divided by 75.
73
What is the remainder when 101 is divided by 30?
11
What is the remainder when 139 is divided by 65?
9
Calculate the remainder when 696 is divided by 158.
64
What is the remainder when 50 is divided by 5?
0
Calculate the remainder when 740 is divided by 39.
38
Calculate the remainder when 36 is divided by 26.
10
What is the remainder when 174 is divided by 21?
6
What is the remainder when 1291 is divided by 35?
31
What is the remainder when 494 is divided by 124?
122
What is the remainder when 34842 is divided by 62?
60
Calculate the remainder when 174 is divided by 11.
9
Calculate the remainder when 674 is divided by 26.
24
Calculate the remainder when 103 is divided by 68.
35
Calculate the remainder when 1018 is divided by 60.
58
Calculate the remainder when 21 is divided by 6.
3
What is the remainder when 1615 is divided by 15?
10
Calculate the remainder when 68 is divided by 20.
8
What is the remainder when 2847 is divided by 57?
54
What is the remainder when 3948 is divided by 104?
100
What is the remainder when 230 is divided by 112?
6
What is the remainder when 937 is divided by 4?
1
Calculate the remainder when 6687 is divided by 15.
12
Calculate the remainder when 433 is divided by 405.
28
Calculate the remainder when 123 is divided by 41.
0
What is the remainder when 30618 is divided by 67?
66
What is the remainder when 17 is divided by 17?
0
What is the remainder when 2563 is divided by 214?
209
Calculate the remainder when 19788 is divided by 27.
24
What is the remainder when 514 is divided by 8?
2
What is the remainder when 96 is divided by 89?
7
What is the remainder when 6666 is divided by 230?
226
What is the remainder when 2405 is divided by 71?
62
Calculate the remainder when 21179 is divided by 119.
116
What is the remainder when 6382 is divided by 24?
22
What is the remainder when 24245 is divided by 56?
53
What is the remainder when 566 is divided by 114?
110
Calculate the remainder when 41 is divided by 15.
11
Calculate the remainder when 9077 is divided by 89.
88
Calculate the remainder when 8639 is divided by 108.
107
What is the remainder when 499 is divided by 19?
5
What is the remainder when 633 is divided by 80?
73
Calculate the remainder when 264 is divided by 247.
17
What is the remainder when 98 is divided by 89?
9
What is the remainder when 36 is divided by 24?
12
Calculate the remainder when 82 is divided by 73.
9
What is the remainder when 74 is divided by 15?
14
Calculate the remainder when 80 is divided by 37.
6
What is the remainder when 486 is divided by 248?
238
Calculate the remainder when 15650 is divided by 91.
89
Calculate the remainder when 23 is divided by 17.
6
Calculate the remainder when 395 is divided by 130.
5
What is the remainder when 76 is divided by 8?
4
What is the remainder when 149 is divided by 26?
19
Calculate the remainder when 1417 is divided by 129.
127
Calculate the remainder when 126 is divided by 56.
14
Calculate the remainder when 837 is divided by 14.
11
What is the remainder when 274 is divided by 85?
19
What is the remainder when 929 is divided by 65?
19
What is the remainder when 181 is divided by 36?
1
What is the remainder when 293 is divided by 60?
53
What is the remainder when 995 is divided by 187?
60
What is the remainder when 108 is divided by 41?
26
Calculate the remainder when 386 is divided by 15.
11
What is the remainder when 122 is divided by 118?
4
Calculate the remainder when 350 is divided by 44.
42
What is the remainder when 52 is divided by 30?
22
Calculate the remainder when 333 is divided by 37.
0
What is the remainder when 464 is divided by 123?
95
What is the remainder when 901 is divided by 73?
25
Calculate the remainder when 1885 is divided by 328.
245
Calculate the remainder when 712 is divided by 102.
100
What is the remainder when 1198 is divided by 30?
28
What is the remainder when 211 is divided by 43?
39
What is the remainder when 11430 is divided by 111?
108
Calculate the remainder when 263 is divided by 38.
35
What is the remainder when 24 is divided by 2?
0
Calculate the remainder when 168 is divided by 22.
14
What is the remainder when 139 is divided by 49?
41
What is the remainder when 774 is divided by 23?
15
Calculate the remainder when 75 is divided by 36.
3
What is the remainder when 307 is divided by 182?
125
Calculate the remainder when 1332 is divided by 167.
163
Calculate the remainder when 252 is divided by 8.
4
Calculate the remainder when 196 is divided by 111.
85
Calculate the remainder when 714 is divided by 147.
126
Calculate the remainder when 238 is divided by 52.
30
What is the remainder when 16 is divided by 5?
1
Calculate the remainder when 78 is divided by 20.
18
What is the remainder when 222 is divided by 21?
12
What is the remainder when 287 is divided by 58?
55
What is the remainder when 202 is divided by 66?
4
Calculate the remainder when 1192 is divided by 25.
17
What is the remainder when 1473 is divided by 208?
17
What is the remainder when 20 is divided by 11?
9
What is the remainder when 18015 is divided by 7?
4
Calculate the remainder when 197 is divided by 41.
33
Calculate the remainder when 40 is divided by 33.
7
Calculate the remainder when 972 is divided by 195.
192
Calculate the remainder when 1572 is divided by 131.
0
What is the remainder when 446 is divided by 16?
14
Calculate the remainder when 1508 is divided by 27.
23
Calculate the remainder when 89 is divided by 9.
8
Calculate the remainder when 130 is divided by 16.
2
What is the remainder when 291 is divided by 21?
18
Calculate the remainder when 166 is divided by 143.
23
Calculate the remainder when 143 is divided by 6.
5
Calculate the remainder when 68 is divided by 25.
18
What is the remainder when 724 is divided by 81?
76
Calculate the remainder when 759 is divided by 10.
9
What is the remainder when 855 is divided by 279?
18
What is the remainder when 1466 is divided by 9?
8
What is the remainder when 83 is divided by 43?
40
What is the remainder when 994 is divided by 242?
26